{"id":468,"date":"2012-09-10T13:38:19","date_gmt":"2012-09-10T11:38:19","guid":{"rendered":"http:\/\/ekb.org.pl\/ekb\/?page_id=468"},"modified":"2017-01-18T20:15:00","modified_gmt":"2017-01-18T19:15:00","slug":"dzialalnosc-klubowa","status":"publish","type":"page","link":"https:\/\/ekb.org.pl\/ekb\/dzialalnosc-klubowa\/","title":{"rendered":"Dzia\u0142alno\u015b\u0107 Klubowa"},"content":{"rendered":"<p>1. Organizacja przedsi\u0119wzi\u0119\u0107\u00a0klubowych:<\/p>\n<ul>\n<li>spotkania tematyczne i\u00a0kole\u017ce\u0144skie cz\u0142onk\u00f3w klubu;<\/li>\n<li>spotkania z\u00a0 osobisto\u015bciami \u017cycia gospodarczego, naukowego, kulturalnego;<\/li>\n<li>konferencje i\u00a0fora gospodarcze;<\/li>\n<li>wizyty zagraniczne i\u00a0misje gospodarcze.<\/li>\n<\/ul>\n<p>2.\u00a0 Edukacja oraz\u00a0dzia\u0142alno\u015b\u0107 naukowa:<\/p>\n<ul>\n<li>wyra\u017canie opinii w\u00a0kluczowych tematach gospodarczych, naukowych i\u00a0spo\u0142ecznych zwi\u0105zanych z\u00a0tematyk\u0105 dzia\u0142alno\u015bci klubu;<\/li>\n<li>wspieranie kszta\u0142cenia kadr\u00a0 kierowniczych;<\/li>\n<li>organizacja szkole\u0144, sympozj\u00f3w i\u00a0seminari\u00f3w;<\/li>\n<li>pozyskiwanie stypendi\u00f3w dla wybitnych student\u00f3w i\u00a0pracownik\u00f3w naukowych;<\/li>\n<li>promowanie badan naukowych.<\/li>\n<\/ul>\n<p>3. Dzia\u0142alno\u015b\u0107 wspieraj\u0105ca cz\u0142onk\u00f3w klubu:<\/p>\n<ul>\n<li>reprezentowanie interes\u00f3w cz\u0142onk\u00f3w klubu przed przedstawicielami w\u0142adz krajowych i\u00a0zagranicznych oraz\u00a0organizacjami gospodarczymi;<\/li>\n<li>opiniowanie przygotowywanych akt\u00f3w prawnych.<\/li>\n<\/ul>\n<p>4. Wymiana informacji gospodarczych i\u00a0 prawnych:<\/p>\n<ul>\n<li>gie\u0142da kontakt\u00f3w, kooperacji, zam\u00f3wie\u0144 i\u00a0zlece\u0144;<\/li>\n<li>organizacja\u00a0 wystaw, targ\u00f3w oraz\u00a0spotka\u0144 gospodarczych;<\/li>\n<li>udost\u0119pnianie informacji na\u00a0temat obowi\u0105zuj\u0105cych oraz\u00a0b\u0119d\u0105cych w\u00a0przygotowaniu przepis\u00f3w prawnych krajowych oraz\u00a0Unii Europejskiej.<\/li>\n<\/ul>\n<p>5. Pozyskiwanie funduszy ze \u015brodk\u00f3w krajowych oraz\u00a0Unii Europejskiej:<\/p>\n<ul>\n<li>dob\u00f3r\u00a0 program\u00f3w;<\/li>\n<li>wyszukiwanie partner\u00f3w;<\/li>\n<li>organizowanie szkole\u0144 w\u00a0zakresie\u00a0 wnioskowania, prowadzenia i\u00a0rozliczania projekt\u00f3w;<\/li>\n<li>\u00a0\u00a0przygotowywanie wniosk\u00f3w i\u00a0pilotowanie projekt\u00f3w.<\/li>\n<\/ul>\n<p>6.\u00a0 Promocja firm:<\/p>\n<ul>\n<li>prowadzenie dzia\u0142a\u0144 PR;<\/li>\n<li>organizowanie prezentacji firmy oraz\/lub jej produkt\u00f3w.<\/li>\n<\/ul>\n<p>7. Wspieranie promocji na\u00a0rynkach zagranicznych:<\/p>\n<ul>\n<li>analiza rynku;<\/li>\n<li>organizowanie misji handlowych i\u00a0gospodarczych;<\/li>\n<li>opracowanie strategii\u00a0 rozwoju firmy w\u00a0kontek\u015bcie dzia\u0142alno\u015bci na\u00a0danym rynku zagranicznym;<\/li>\n<li>pomoc w\u00a0utworzeniu przedstawicielstwa lub\u00a0nowej firmy w\u00a0 wybranym kraju;<\/li>\n<li>pilotowanie projekt\u00f3w.<\/li>\n<\/ul>\n<p>8. Nagrody klubowe:<\/p>\n<ul>\n<li>odznaczanie os\u00f3b\u00a0 i\u00a0firm odnosz\u0105cych sukces w\u00a0wyniku swojej innowacyjno\u015bci, strategii, rzetelno\u015bci oraz\u00a0zaanga\u017cowania gospodarczego i\u00a0spo\u0142ecznego.<\/li>\n<\/ul>\n<p>9.Us\u0142ugi\u00a0 \u015bwiadczone\u00a0 cz\u0142onkom klubu:<\/p>\n<ul>\n<li>doradztwo gospodarcze i\u00a0finansowe;<\/li>\n<li>przeprowadzanie\u00a0 ekspertyz i\u00a0opiniowanie;<\/li>\n<li>pomoc mediacyjna;<\/li>\n<li>interwencje na\u00a0rzecz cz\u0142onk\u00f3w\u00a0 klubu;<\/li>\n<li>organizowanie indywidualnych spotka\u0144 firmowych oraz\u00a0ich kompleksowa obs\u0142uga;<\/li>\n<li>udost\u0119pnianie pomieszcze\u0144 klubowych<\/li>\n<\/ul>\n<p>10. Dzia\u0142alno\u015b\u0107\u00a0 charytatywna:<\/p>\n<ul>\n<li>organizacja bezpo\u015bredniej pomocy dla organizacji i\u00a0os\u00f3b\u00a0 szczeg\u00f3lnie potrzebuj\u0105cych;<\/li>\n<li>promocja idei, postaw oraz\u00a0os\u00f3b zwi\u0105zanych z\u00a0dzia\u0142alno\u015bci\u0105 charytatywn\u0105;<\/li>\n<li>organizacja przedsi\u0119wzi\u0119\u0107 charytatywnych.<\/li>\n<\/ul>\n","protected":false},"excerpt":{"rendered":"<p>1. Organizacja przedsi\u0119wzi\u0119\u0107\u00a0klubowych: spotkania tematyczne i\u00a0kole\u017ce\u0144skie cz\u0142onk\u00f3w klubu; spotkania z\u00a0 osobisto\u015bciami \u017cycia gospodarczego, naukowego, kulturalnego; konferencje i\u00a0fora gospodarcze; wizyty zagraniczne i\u00a0misje gospodarcze. 2.\u00a0 Edukacja oraz\u00a0dzia\u0142alno\u015b\u0107<\/p>\n","protected":false},"author":1,"featured_media":0,"parent":0,"menu_order":0,"comment_status":"closed","ping_status":"closed","template":"","meta":{"jetpack_post_was_ever_published":false,"footnotes":""},"class_list":["post-468","page","type-page","status-publish","hentry"],"jetpack_sharing_enabled":true,"jetpack_shortlink":"https:\/\/wp.me\/P2tJ5v-7y","_links":{"self":[{"href":"https:\/\/ekb.org.pl\/ekb\/wp-json\/wp\/v2\/pages\/468","targetHints":{"allow":["GET"]}}],"collection":[{"href":"https:\/\/ekb.org.pl\/ekb\/wp-json\/wp\/v2\/pages"}],"about":[{"href":"https:\/\/ekb.org.pl\/ekb\/wp-json\/wp\/v2\/types\/page"}],"author":[{"embeddable":true,"href":"https:\/\/ekb.org.pl\/ekb\/wp-json\/wp\/v2\/users\/1"}],"replies":[{"embeddable":true,"href":"https:\/\/ekb.org.pl\/ekb\/wp-json\/wp\/v2\/comments?post=468"}],"version-history":[{"count":6,"href":"https:\/\/ekb.org.pl\/ekb\/wp-json\/wp\/v2\/pages\/468\/revisions"}],"predecessor-version":[{"id":4505,"href":"https:\/\/ekb.org.pl\/ekb\/wp-json\/wp\/v2\/pages\/468\/revisions\/4505"}],"wp:attachment":[{"href":"https:\/\/ekb.org.pl\/ekb\/wp-json\/wp\/v2\/media?parent=468"}],"curies":[{"name":"wp","href":"https:\/\/api.w.org\/{rel}","templated":true}]}}