{"id":2621,"date":"2015-06-04T19:15:27","date_gmt":"2015-06-04T17:15:27","guid":{"rendered":"http:\/\/ekb.org.pl\/ekb\/?page_id=2621"},"modified":"2016-10-25T16:01:52","modified_gmt":"2016-10-25T14:01:52","slug":"osrodek-opiekunczo-leczniczy-lesna-gora-w-kamienczyku","status":"publish","type":"page","link":"https:\/\/ekb.org.pl\/ekb\/ogloszenia\/osrodek-opiekunczo-leczniczy-lesna-gora-w-kamienczyku\/","title":{"rendered":"LE\u015aNA G\u00d3RA"},"content":{"rendered":"<p>O\u015brodek Opieku\u0144czo-Leczniczy \u201eLe\u015bna G\u00f3ra\u201d znajduje si\u0119 w malowniczo po\u0142o\u017conej cz\u0119\u015bci powiatu wyszkowskiego, w otoczeniu Nadbu\u017ca\u0144skiego Parku Krajobrazowego.<\/p>\n<figure id=\"attachment_2626\" aria-describedby=\"caption-attachment-2626\" style=\"width: 300px\" class=\"wp-caption alignright\"><a href=\"http:\/\/ekb.org.pl\/ekb\/wp-content\/uploads\/2015\/06\/Kamienczykfoto1.jpg\" rel=\"lightbox[2621]\"><img loading=\"lazy\" decoding=\"async\" data-attachment-id=\"2626\" data-permalink=\"https:\/\/ekb.org.pl\/ekb\/ogloszenia\/osrodek-opiekunczo-leczniczy-lesna-gora-w-kamienczyku\/kamienczykfoto-2\/\" data-orig-file=\"https:\/\/ekb.org.pl\/ekb\/wp-content\/uploads\/2015\/06\/Kamienczykfoto1.jpg\" data-orig-size=\"640,427\" data-comments-opened=\"0\" data-image-meta=\"{&quot;aperture&quot;:&quot;0&quot;,&quot;credit&quot;:&quot;&quot;,&quot;camera&quot;:&quot;&quot;,&quot;caption&quot;:&quot;&quot;,&quot;created_timestamp&quot;:&quot;0&quot;,&quot;copyright&quot;:&quot;&quot;,&quot;focal_length&quot;:&quot;0&quot;,&quot;iso&quot;:&quot;0&quot;,&quot;shutter_speed&quot;:&quot;0&quot;,&quot;title&quot;:&quot;&quot;,&quot;orientation&quot;:&quot;0&quot;}\" data-image-title=\"O\u015aRODEK OPIEKU\u0143CZO-LECZNICZY \u201eLE\u015aNA G\u00d3RA\u201d W KAMIE\u0143CZYKU.\" data-image-description=\"\" data-image-caption=\"&lt;p&gt;O\u015aRODEK OPIEKU\u0143CZO-LECZNICZY \u201eLE\u015aNA G\u00d3RA\u201d W KAMIE\u0143CZYKU.&lt;\/p&gt;\n\" data-medium-file=\"https:\/\/ekb.org.pl\/ekb\/wp-content\/uploads\/2015\/06\/Kamienczykfoto1-300x200.jpg\" data-large-file=\"https:\/\/ekb.org.pl\/ekb\/wp-content\/uploads\/2015\/06\/Kamienczykfoto1.jpg\" class=\"size-medium wp-image-2626\" src=\"http:\/\/ekb.org.pl\/ekb\/wp-content\/uploads\/2015\/06\/Kamienczykfoto1-300x200.jpg\" alt=\"O\u015aRODEK OPIEKU\u0143CZO-LECZNICZY \u201eLE\u015aNA G\u00d3RA\u201d W KAMIE\u0143CZYKU.\" width=\"300\" height=\"200\" srcset=\"https:\/\/ekb.org.pl\/ekb\/wp-content\/uploads\/2015\/06\/Kamienczykfoto1-300x200.jpg 300w, https:\/\/ekb.org.pl\/ekb\/wp-content\/uploads\/2015\/06\/Kamienczykfoto1-60x40.jpg 60w, https:\/\/ekb.org.pl\/ekb\/wp-content\/uploads\/2015\/06\/Kamienczykfoto1.jpg 640w\" sizes=\"auto, (max-width: 300px) 100vw, 300px\" \/><\/a><figcaption id=\"caption-attachment-2626\" class=\"wp-caption-text\">O\u015aRODEK OPIEKU\u0143CZO-LECZNICZY \u201eLE\u015aNA G\u00d3RA\u201d W KAMIE\u0143CZYKU.<\/figcaption><\/figure>\n<p style=\"text-align: justify;\">O\u015brodek powsta\u0142 z my\u015bl\u0105 o tym, by zapewni\u0107 mo\u017cliwie jak najlepsze warunki bytowe, oraz serdeczne i przyjazne \u015brodowisko dla os\u00f3b chorych, samotnych w podesz\u0142ym wieku i tych, kt\u00f3rzy chc\u0105 wypocz\u0105\u0107 i zregenerowa\u0107 swoje si\u0142y. Z szacunku i wdzi\u0119czno\u015bci za prac\u0119 s\u0119dziwych os\u00f3b staramy si\u0119 zadba\u0107 zar\u00f3wno o fizyczne jak i duchowe potrzeby naszych pensjonariuszy. Dlatego opr\u00f3cz zaj\u0119\u0107 zwi\u0105zanych z codziennym funkcjonowaniem oraz opiek\u0105 medyczn\u0105 dbamy r\u00f3wnie\u017c o rozw\u00f3j intelektualny i duchowy a tak\u017ce dobre samopoczucie naszych mieszka\u0144c\u00f3w. W \u201eLe\u015bnej G\u00f3rze\u201d skorzystasz ze \u015bwie\u017cego powietrza uzupe\u0142nionego o jod, poddasz si\u0119 zabiegom rehabilitacyjnym, masa\u017com, k\u0105pielom w jacuzzi.<\/p>\n<p style=\"text-align: justify;\">Skorzystasz z sauny i nowej groty solnej. Ca\u0142\u0105 pozytywn\u0105 aur\u0119 dope\u0142ni spokojna, cicha, malownicza okolica.<br \/>\n<strong><em>Produkty i us\u0142ugi<\/em><\/strong><br \/>\nOpiekujemy si\u0119 osobami z:<\/p>\n<figure id=\"attachment_2628\" aria-describedby=\"caption-attachment-2628\" style=\"width: 300px\" class=\"wp-caption alignleft\"><a href=\"http:\/\/ekb.org.pl\/ekb\/wp-content\/uploads\/2015\/06\/Kamienczyk5.jpg\" rel=\"lightbox[2621]\"><img loading=\"lazy\" decoding=\"async\" data-attachment-id=\"2628\" data-permalink=\"https:\/\/ekb.org.pl\/ekb\/ogloszenia\/osrodek-opiekunczo-leczniczy-lesna-gora-w-kamienczyku\/kamienczyk5\/\" data-orig-file=\"https:\/\/ekb.org.pl\/ekb\/wp-content\/uploads\/2015\/06\/Kamienczyk5.jpg\" data-orig-size=\"640,427\" data-comments-opened=\"0\" data-image-meta=\"{&quot;aperture&quot;:&quot;0&quot;,&quot;credit&quot;:&quot;&quot;,&quot;camera&quot;:&quot;&quot;,&quot;caption&quot;:&quot;&quot;,&quot;created_timestamp&quot;:&quot;0&quot;,&quot;copyright&quot;:&quot;&quot;,&quot;focal_length&quot;:&quot;0&quot;,&quot;iso&quot;:&quot;0&quot;,&quot;shutter_speed&quot;:&quot;0&quot;,&quot;title&quot;:&quot;&quot;,&quot;orientation&quot;:&quot;0&quot;}\" data-image-title=\"Pok\u00f3j 1-osobowy.\" data-image-description=\"\" data-image-caption=\"&lt;p&gt;Pok\u00f3j 1-osobowy.&lt;\/p&gt;\n\" data-medium-file=\"https:\/\/ekb.org.pl\/ekb\/wp-content\/uploads\/2015\/06\/Kamienczyk5-300x200.jpg\" data-large-file=\"https:\/\/ekb.org.pl\/ekb\/wp-content\/uploads\/2015\/06\/Kamienczyk5.jpg\" class=\"size-medium wp-image-2628\" src=\"http:\/\/ekb.org.pl\/ekb\/wp-content\/uploads\/2015\/06\/Kamienczyk5-300x200.jpg\" alt=\"Pok\u00f3j 1-osobowy.\" width=\"300\" height=\"200\" srcset=\"https:\/\/ekb.org.pl\/ekb\/wp-content\/uploads\/2015\/06\/Kamienczyk5-300x200.jpg 300w, https:\/\/ekb.org.pl\/ekb\/wp-content\/uploads\/2015\/06\/Kamienczyk5-60x40.jpg 60w, https:\/\/ekb.org.pl\/ekb\/wp-content\/uploads\/2015\/06\/Kamienczyk5.jpg 640w\" sizes=\"auto, (max-width: 300px) 100vw, 300px\" \/><\/a><figcaption id=\"caption-attachment-2628\" class=\"wp-caption-text\">Pok\u00f3j 1-osobowy.<\/figcaption><\/figure>\n<p style=\"text-align: justify;\">&#8211; demencj\u0105 starcz\u0105,<br \/>\n&#8211; chorob\u0105 Alzheimera,<br \/>\n&#8211; chorob\u0105 Parkinsona,<br \/>\n&#8211; po wylewach i udarach,<br \/>\n&#8211; oraz innymi schorzeniami.<\/p>\n<p>Przyjmujemy r\u00f3wnie\u017c osoby na rehabilitacj\u0119 poszpitaln\u0105.<br \/>\nPrzyjmujemy na pobyt sta\u0142y i czasowy.<\/p>\n<p>&nbsp;<\/p>\n<p>W naszym o\u015brodku znajdziecie Pa\u0144stwo:<\/p>\n<figure id=\"attachment_2629\" aria-describedby=\"caption-attachment-2629\" style=\"width: 200px\" class=\"wp-caption alignright\"><a href=\"http:\/\/ekb.org.pl\/ekb\/wp-content\/uploads\/2015\/06\/Kamienczyk4.jpg\" rel=\"lightbox[2621]\"><img loading=\"lazy\" decoding=\"async\" data-attachment-id=\"2629\" data-permalink=\"https:\/\/ekb.org.pl\/ekb\/ogloszenia\/osrodek-opiekunczo-leczniczy-lesna-gora-w-kamienczyku\/kamienczyk4\/\" data-orig-file=\"https:\/\/ekb.org.pl\/ekb\/wp-content\/uploads\/2015\/06\/Kamienczyk4.jpg\" data-orig-size=\"427,640\" data-comments-opened=\"0\" data-image-meta=\"{&quot;aperture&quot;:&quot;0&quot;,&quot;credit&quot;:&quot;&quot;,&quot;camera&quot;:&quot;&quot;,&quot;caption&quot;:&quot;&quot;,&quot;created_timestamp&quot;:&quot;0&quot;,&quot;copyright&quot;:&quot;&quot;,&quot;focal_length&quot;:&quot;0&quot;,&quot;iso&quot;:&quot;0&quot;,&quot;shutter_speed&quot;:&quot;0&quot;,&quot;title&quot;:&quot;&quot;,&quot;orientation&quot;:&quot;0&quot;}\" data-image-title=\"Grota solna.\" data-image-description=\"\" data-image-caption=\"&lt;p&gt;Grota solna.&lt;\/p&gt;\n\" data-medium-file=\"https:\/\/ekb.org.pl\/ekb\/wp-content\/uploads\/2015\/06\/Kamienczyk4-200x300.jpg\" data-large-file=\"https:\/\/ekb.org.pl\/ekb\/wp-content\/uploads\/2015\/06\/Kamienczyk4.jpg\" class=\"size-medium wp-image-2629\" src=\"http:\/\/ekb.org.pl\/ekb\/wp-content\/uploads\/2015\/06\/Kamienczyk4-200x300.jpg\" alt=\"Grota solna.\" width=\"200\" height=\"300\" srcset=\"https:\/\/ekb.org.pl\/ekb\/wp-content\/uploads\/2015\/06\/Kamienczyk4-200x300.jpg 200w, https:\/\/ekb.org.pl\/ekb\/wp-content\/uploads\/2015\/06\/Kamienczyk4-60x90.jpg 60w, https:\/\/ekb.org.pl\/ekb\/wp-content\/uploads\/2015\/06\/Kamienczyk4.jpg 427w\" sizes=\"auto, (max-width: 200px) 100vw, 200px\" \/><\/a><figcaption id=\"caption-attachment-2629\" class=\"wp-caption-text\">Grota solna.<\/figcaption><\/figure>\n<p>&#8211; grot\u0119 soln\u0105,<\/p>\n<p>&#8211; saun\u0119,<\/p>\n<p>&#8211; jacuzii.<\/p>\n<p>Oferujemy masa\u017ce<br \/>\n&#8211; leczniczy,<br \/>\n&#8211; sportowy,<br \/>\n&#8211; relaksacyjny,<br \/>\n&#8211; odchudzaj\u0105cy,<br \/>\n&#8211; kosmetyczny,<br \/>\n&#8211; ba\u0144k\u0105 chi\u0144sk\u0105,<br \/>\n&#8211; limfatyczny.<\/p>\n<p style=\"text-align: justify;\">Nasz O\u015brodek organizuje weekendy rekreacyjno \u2013 piel\u0119gnacyjne, kt\u00f3re maj\u0105 na celu zregenerowanie si\u0142, wypoczynek i sprawienie przyjemno\u015bci poprzez: masa\u017ce, gimnastyk\u0119 usprawniaj\u0105c\u0105, k\u0105piel w jacuzzi, saun\u0119 , grot\u0119 soln\u0105 itp.<\/p>\n<p style=\"text-align: justify;\">Naszym pensjonariuszom zapewniamy:<br \/>\n&#8211; ca\u0142odobow\u0105 opiek\u0119,<br \/>\n&#8211; rehabilitacj\u0119,<br \/>\n&#8211; ca\u0142odzienne wy\u017cywienie \u2013 5 posi\u0142k\u00f3w dziennie (dostosowane do ka\u017cdego mieszka\u0144ca)<br \/>\n&#8211; dost\u0119p do lekarza medycyny rodzinnej i specjalist\u00f3w,<br \/>\n&#8211; terapi\u0119 zaj\u0119ciow\u0105,<br \/>\n&#8211; pos\u0142ug\u0119 duszpastersk\u0105,<br \/>\n&#8211; mi\u0142y, wykwalifikowany personel oraz rodzinna atmosfera<br \/>\n&#8211; pokoje o wysokim standardzie z \u0142azienkami, wyposa\u017cone w \u0142\u00f3\u017cka, szafki przy\u0142\u00f3\u017ckowe, szafy odzie\u017cowe, st\u00f3\u0142, krzes\u0142a oraz sprz\u0119t RTV<br \/>\n&#8211; udzielanie pomocy w podstawowych czynno\u015bciach \u017cyciowych<\/p>\n<p style=\"text-align: justify;\">Nasz Budynek posiada wind\u0119, TV i Wi &#8211; Fi .<\/p>\n<p style=\"text-align: justify;\">O\u015brodek nasz zapewnia pensjonariuszom aktywno\u015b\u0107 ruchow\u0105 po\u0142\u0105czona z rehabilitacj\u0105 oraz wsparcie psychologiczne.<\/p>\n<p style=\"text-align: justify;\">W ci\u0105gu dnia maj\u0105 r\u00f3wnie\u017c miejsce zabiegi piel\u0119gniarskie, rehabilitacyjne, gimnastyka oraz wyjazdy do lekarzy specjalist\u00f3w, planowane dla ka\u017cdego pensjonariusza indywidualnie.<\/p>\n<figure id=\"attachment_2630\" aria-describedby=\"caption-attachment-2630\" style=\"width: 300px\" class=\"wp-caption alignleft\"><a href=\"http:\/\/ekb.org.pl\/ekb\/wp-content\/uploads\/2015\/06\/Kamienczyk3.jpg\" rel=\"lightbox[2621]\"><img loading=\"lazy\" decoding=\"async\" data-attachment-id=\"2630\" data-permalink=\"https:\/\/ekb.org.pl\/ekb\/ogloszenia\/osrodek-opiekunczo-leczniczy-lesna-gora-w-kamienczyku\/kamienczyk3\/\" data-orig-file=\"https:\/\/ekb.org.pl\/ekb\/wp-content\/uploads\/2015\/06\/Kamienczyk3.jpg\" data-orig-size=\"640,427\" data-comments-opened=\"0\" data-image-meta=\"{&quot;aperture&quot;:&quot;0&quot;,&quot;credit&quot;:&quot;&quot;,&quot;camera&quot;:&quot;&quot;,&quot;caption&quot;:&quot;&quot;,&quot;created_timestamp&quot;:&quot;0&quot;,&quot;copyright&quot;:&quot;&quot;,&quot;focal_length&quot;:&quot;0&quot;,&quot;iso&quot;:&quot;0&quot;,&quot;shutter_speed&quot;:&quot;0&quot;,&quot;title&quot;:&quot;&quot;,&quot;orientation&quot;:&quot;0&quot;}\" data-image-title=\"Jacuzzi\" data-image-description=\"\" data-image-caption=\"&lt;p&gt;Jacuzzi.&lt;\/p&gt;\n\" data-medium-file=\"https:\/\/ekb.org.pl\/ekb\/wp-content\/uploads\/2015\/06\/Kamienczyk3-300x200.jpg\" data-large-file=\"https:\/\/ekb.org.pl\/ekb\/wp-content\/uploads\/2015\/06\/Kamienczyk3.jpg\" class=\"size-medium wp-image-2630\" src=\"http:\/\/ekb.org.pl\/ekb\/wp-content\/uploads\/2015\/06\/Kamienczyk3-300x200.jpg\" alt=\"Jacuzzi.\" width=\"300\" height=\"200\" srcset=\"https:\/\/ekb.org.pl\/ekb\/wp-content\/uploads\/2015\/06\/Kamienczyk3-300x200.jpg 300w, https:\/\/ekb.org.pl\/ekb\/wp-content\/uploads\/2015\/06\/Kamienczyk3-60x40.jpg 60w, https:\/\/ekb.org.pl\/ekb\/wp-content\/uploads\/2015\/06\/Kamienczyk3.jpg 640w\" sizes=\"auto, (max-width: 300px) 100vw, 300px\" \/><\/a><figcaption id=\"caption-attachment-2630\" class=\"wp-caption-text\">Jacuzzi.<\/figcaption><\/figure>\n<p style=\"text-align: justify;\">\u0106wiczenia usprawniaj\u0105ce pami\u0119\u0107, kt\u00f3re pomagaj\u0105 poprawi\u0107 uwag\u0119, koncentracj\u0119, spostrzegawczo\u015b\u0107, logiczne my\u015blenie, czyli funkcje poznawcze, niezb\u0119dne dla prawid\u0142owego funkcjonowania pami\u0119ci.<br \/>\nZaj\u0119cia plastyczne i artystyczne , kt\u00f3re pomog\u0105 rozwija\u0107 zainteresowania, popraw\u0119 koncentracji i zdolno\u015bci manualnych np. rysowanie, kolorowanie, lepienie z plasteliny, modeliny, wycinanie, tworzenie ozd\u00f3b np. choinkowych. Zaj\u0119cia grupowe wykorzystuj\u0105ce muzyk\u0119, ksi\u0105\u017ck\u0119, czy te\u017c gry np. planszowe, kt\u00f3re polepsz\u0105 nastr\u00f3j uczestnika, czy te\u017c poprawi\u0105 koncentracj\u0119, b\u0105d\u017a rozlu\u017ani\u0105 , wycisz\u0105 aktywno\u015b\u0107 my\u015blow\u0105. Takie zaj\u0119cia pozytywnie wp\u0142ywaj\u0105 na poznawanie mocnych i s\u0142abych stron naszych pensjonariuszy.<\/p>\n<div class=\"nazwa_firmy\">O\u015aRODEK OPIEKU\u0143CZO-LECZNICZY \u201eLE\u015aNA G\u00d3RA\u201d W KAMIE\u0143CZYKU<\/div>\n<div id=\"img_logo\" align=\"right\"><a href=\"http:\/\/www.polskidomopieki.pl\/\" target=\"_blank\"><img decoding=\"async\" class=\" aligncenter\" title=\"O\u015brodek Opieku\u0144czo-Leczniczy \u201eLe\u015bna G\u00f3ra\u201d w Kamie\u0144czyku\" src=\"https:\/\/katalogfirm2000.pl\/img\/logo\/7a52e9617f4b73dee51617fb3663de1a.jpg\" alt=\"O\u015brodek Opieku\u0144czo-Leczniczy \u201eLe\u015bna G\u00f3ra\u201d w Kamie\u0144czyku\" name=\"img_logo\" \/><\/a><\/div>\n<p>ul. Warszawska 18 ;\u00a0<span style=\"text-align: justify;\">07-202 Kamie\u0144czyk;\u00a0<\/span>Woj: mazowieckie<\/p>\n<p>telefon 029-742-09-73;\u00a0telefon kom\u00f3rkowy 660-697-365<br \/>\nKONTAKT@POLSKIDOMOPIEKI.PL<br \/>\n<a href=\"http:\/\/www.polskidomopieki.pl\/\" target=\"_blank\">WWW.POLSKIDOMOPIEKI.PL<\/a><br \/>\nWWW.FACEBOOK.COM\/LESNAGORAKAMIENCZYK<\/p>\n","protected":false},"excerpt":{"rendered":"<p>O\u015brodek Opieku\u0144czo-Leczniczy \u201eLe\u015bna G\u00f3ra\u201d znajduje si\u0119 w malowniczo po\u0142o\u017conej cz\u0119\u015bci powiatu wyszkowskiego, w otoczeniu Nadbu\u017ca\u0144skiego Parku Krajobrazowego. O\u015brodek powsta\u0142 z my\u015bl\u0105 o tym, by zapewni\u0107<\/p>\n","protected":false},"author":1,"featured_media":0,"parent":37,"menu_order":0,"comment_status":"closed","ping_status":"closed","template":"","meta":{"jetpack_post_was_ever_published":false,"footnotes":""},"class_list":["post-2621","page","type-page","status-publish","hentry"],"jetpack_sharing_enabled":true,"jetpack_shortlink":"https:\/\/wp.me\/P2tJ5v-Gh","_links":{"self":[{"href":"https:\/\/ekb.org.pl\/ekb\/wp-json\/wp\/v2\/pages\/2621","targetHints":{"allow":["GET"]}}],"collection":[{"href":"https:\/\/ekb.org.pl\/ekb\/wp-json\/wp\/v2\/pages"}],"about":[{"href":"https:\/\/ekb.org.pl\/ekb\/wp-json\/wp\/v2\/types\/page"}],"author":[{"embeddable":true,"href":"https:\/\/ekb.org.pl\/ekb\/wp-json\/wp\/v2\/users\/1"}],"replies":[{"embeddable":true,"href":"https:\/\/ekb.org.pl\/ekb\/wp-json\/wp\/v2\/comments?post=2621"}],"version-history":[{"count":13,"href":"https:\/\/ekb.org.pl\/ekb\/wp-json\/wp\/v2\/pages\/2621\/revisions"}],"predecessor-version":[{"id":3972,"href":"https:\/\/ekb.org.pl\/ekb\/wp-json\/wp\/v2\/pages\/2621\/revisions\/3972"}],"up":[{"embeddable":true,"href":"https:\/\/ekb.org.pl\/ekb\/wp-json\/wp\/v2\/pages\/37"}],"wp:attachment":[{"href":"https:\/\/ekb.org.pl\/ekb\/wp-json\/wp\/v2\/media?parent=2621"}],"curies":[{"name":"wp","href":"https:\/\/api.w.org\/{rel}","templated":true}]}}